 d(y) = y**3 + 18*y**2 + 75*y - 26. Calculate d(-11).
-4
Let b(q) = 10*q + 95. Determine b(-10).
-5
Let w(k) = k**2 + 13*k + 27. Give w(-9).
-9
Let o(a) = 7*a**2 - 28*a + 4. Calculate o(4).
4
Let c(r) = r**2 + 2*r + 6. Calculate c(-4).
14
Let y(r) = -14*r + 30. Determine y(5).
-40
Let r(p) = -2*p**2 - 19*p + 19. What is r(1)?
-2
Let t(x) = x**2 - 18*x - 3. Determine t(16).
-35
Let y(j) = -4*j + 5. Give y(5).
-15
Let p(y) = 5*y + 52. Calculate p(-3).
37
Let u(p) = -p**3 + 18*p**2 + 5*p - 21. Give u(18).
69
Let a(p) = -3*p**2 - 3*p + 60. What is a(0)?
60
Let i(g) = -2*g + 4. Calculate i(-3).
10
Let g(y) = y**3 + 10*y**2 - 30*y + 7. Determine g(-13).
-110
Let d(g) = g**3 - 19*g**2 - 37*g - 89. Calculate d(21).
16
Let k(d) = -3*d**2 + 7*d - 11. Give k(2).
-9
Let q(k) = -k**3 + 11*k**2 - 30*k + 1. Determine q(5).
1
Let s(r) = 161*r + 1292. Calculate s(-8).
4
Let r(j) = 5*j**2 + 2*j - 4. What is r(-3)?
35
Let d(i) = -i**2 - 27*i + 13. Give d(-28).
-15
Let x(g) = -g**3 - 17*g**2 + 19*g + 9. What is x(-18)?
-9
Let n(h) = 2*h**2 - 37*h + 44. Give n(17).
-7
Let i(y) = 4*y + 8. Determine i(-15).
-52
Let v(x) = 9*x**2 - 9*x + 2. What is v(1)?
2
Let l(o) = 10*o**3 - 2*o**2 + 1. Give l(-1).
-11
Let d(l) = 4*l**2 - l - 2. Give d(2).
12
Let o(y) = 17*y**2 + y + 7. Determine o(-2).
73
Let t(k) = -4*k - 16. Calculate t(0).
-16
Let o(m) = m**2 + 26*m - 153. What is o(5)?
2
Let g(p) = 13*p - 88. Give g(6).
-10
Let o(u) = -2*u + 11. What is o(11)?
-11
Let u(y) = -y**3 + 3*y**2 - 3*y. Determine u(2).
-2
Let u(l) = -2*l - 16. Determine u(9).
-34
Let w(k) = k**3 + 9*k**2 + 19*k - 1. Give w(-6).
-7
Let k(i) = i - 13. What is k(7)?
-6
Let f(u) = u**2 + u - 36. What is f(-6)?
-6
Let l(f) = 5*f + 12. Determine l(-3).
-3
Let n(f) = 20*f + 86. Determine n(-5).
-14
Let l(z) = -z**2 + 11*z - 13. Determine l(9).
5
Let g(z) = z**3 - 11*z**2 + 11*z - 19. Calculate g(10).
-9
Let l(m) = m**2 - 15*m - 31. Give l(13).
-57
Let q(l) = -7*l + 387. Give q(55).
2
Let k(a) = 4*a**2 - 21*a + 4. Give k(5).
-1
Let w(z) = -z**2 + 14*z + 4. Calculate w(12).
28
Let s(f) = -4*f + 3. What is s(2)?
-5
Let h(a) = 2*a**2 - 5*a - 2. Calculate h(4).
10
Let d(p) = -p**2 + 4*p + 7. Give d(0).
7
Let c(h) = -h**2 + h + 2. Determine c(8).
-54
Let u(p) = -4*p - 56. What is u(-12)?
-8
Let u(x) = x**2 + 9*x - 10. Determine u(-10).
0
Let f(g) = 26*g**2 - 110*g + 5. What is f(4)?
-19
Let v(g) = -2*g**2 - 62*g - 163. What is v(-28)?
5
Let w(g) = -19*g - 6. Determine w(-3).
51
Let q(f) = f**3 - 11*f**2 - 12*f - 11. What is q(12)?
-11
Let v(j) = 3*j - 100. What is v(23)?
-31
Let k(n) = -4*n + 42. Determine k(11).
-2
Let b(t) = t**2 + 4*t - 4. What is b(4)?
28
Let j(a) = a**3 - 12*a**2 + 13*a - 19. What is j(11)?
3
Let q(r) = 2*r**3 - 28*r**2 - 28*r - 24. Determine q(15).
6
Let o(t) = -t - 11. What is o(-7)?
-4
Let r(g) = g**3 + 4*g**2 - 6*g - 23. Give r(-4).
1
Let g(l) = l**3 + 18*l**2 + 44*l + 9. Determine g(-15).
24
Let f(t) = t**2 - 38*t - 21. Calculate f(40).
59
Let u(r) = r**3 - 15*r**2 + 11*r + 43. Give u(14).
1
Let s(b) = 3*b + 5. Give s(5).
20
Let w(a) = 3*a + 76. Determine w(-29).
-11
Let u(s) = s**3 - 21*s**2 - 21*s - 15. What is u(22)?
7
Let x(d) = 8*d + 1. What is x(3)?
25
Let c(h) = 4*h**2 + 22*h - 22. What is c(-6)?
-10
Let q(o) = o**2 - 11*o - 4. Calculate q(12).
8
Let w(b) = 25*b**2 + b + 1. Determine w(-1).
25
Let s(i) = 2*i**2 + 28*i + 28. Calculate s(-1).
2
Let y(h) = -4*h - 50. Determine y(-19).
26
Let x(q) = -q**3 - 2*q**2 - 3*q - 1. Determine x(3).
-55
Let t(j) = 5*j + 2. Calculate t(-6).
-28
Let h(u) = -u**2 - 3*u - 11. Calculate h(-4).
-15
Let n(r) = r**3 + r**2 + r + 2. What is n(0)?
2
Let w(i) = 22*i + 3. Determine w(2).
47
Let w(q) = -2*q + 17. Give w(8).
1
Let t(u) = -u**3 + 22*u**2 + 21*u + 39. Determine t(23).
-7
Let s(r) = 14*r - 397. Give s(29).
9
Let h(n) = -n**2 - 3*n. Give h(8).
-88
Let o(v) = v**3 + 10*v**2 + 24*v + 15. Determine o(-7).
-6
Let y(d) = d**3 - 4*d**2 + 7*d + 2. Determine y(6).
116
Let o(n) = n**3 + 3*n**2 - 2*n - 2. Give o(3).
46
Let m(l) = l + 15. Calculate m(-5).
10
Let v(s) = s**3 + 3*s**2 - 12*s - 1. What is v(-4)?
31
Let l(f) = -f**2 - 3*f + 5. Give l(0).
5
Let s(f) = f**2 + 7*f - 51. Give s(4).
-7
Let s(h) = -2*h - 16. Calculate s(0).
-16
Let v(y) = y**2. Give v(6).
36
Let j(c) = -9*c - 5. Determine j(-1).
4
Let r(s) = s**3 + 41*s**2 - 44*s - 85. What is r(-42)?
-1
Let u(s) = -4*s**3 + s**2 - s + 1. Calculate u(-2).
39
Let t(z) = z**3 + 4*z**2 - 2*z - 5. Calculate t(-5).
-20
Let f(t) = t**2 - 11*t + 17. What is f(4)?
-11
Let z(k) = -22*k - 135. Determine z(-6).
-3
Let f(g) = -26*g**2 - g. What is f(-1)?
-25
Let c(s) = s**2 - 22*s + 87. Give c(5).
2
Let z(b) = -b - 9. What is z(-6)?
-3
Let a(g) = -g - 29. What is a(-9)?
-20
Let g(n) = 7*n**3 + n + 7. Give g(-2).
-51
Let u(j) = -5*j + 46. What is u(9)?
1
Let s(c) = c**3 + 28*c**2 + 188*c + 16. Calculate s(-11).
5
Let v(a) = -2*a**3 - 2*a**2 + 3*a + 4. What is v(-2)?
6
Let q(r) = -r**3 + r**2 - 12. Calculate q(-4).
68
Let y(g) = -g**2 + 16*g + 132. What is y(-6)?
0
Let u(j) = 26*j + 1866. Give u(-72).
-6
Let w(q) = -q**2 + 17*q - 92. What is w(11)?
-26
Let v(a) = -3*a**3 - 2*a**2 + 6*a - 7. What is v(2)?
-27
Let m(z) = z**3 + 13*z**2 + 7*z + 3. What is m(-13)?
-88
Let z(h) = -h + 20. What is z(-3)?
23
Let i(d) = -d + 12. What is i(-8)?
20
Let q(f) = f**3 - 9*f**2 - 7*f - 1. Give q(10).
29
Let v(i) = i**2 + 3*i + 2. Give v(-2).
0
Let m(g) = -5*g + 17. Give m(3).
2
Let q(m) = -m**3 + 10*m**2 - 4*m + 38. Calculate q(10).
-2
Let z(v) = -v**2 - 20*v - 69. Calculate z(-4).
-5
Let d(n) = 24*n + 11. What is d(-1)?
-13
Let z(r) = -r**3 - r**2 + 8*r + 4. Determine z(-4).
20
Let r(k) = 3*k + 32. Give r(-6).
14
Let p(b) = 2*b**2 + 2. What is p(2)?
10
Let s(g) = -3*g**2 + 11*g + 9. What is s(9)?
-135
Let h(i) = -i**2 - 17*i + 18. Give h(-18).
0
Let d(v) = v**3 + 10*v**2 + 15*v. What is d(-9)?
-54
Let b(p) = 4*p - 2. What is b(-5)?
-22
Let x(r) = -r**3 - 10*r**2 - 8*r + 7. Determine x(-8).
-57
Let v(s) = -16*s - 154. Calculate v(-10).
6
Let r(u) = u**3 - 21*u**2 - 106*u + 150. Calculate r(25).
0
Let g(m) = m**3 - m**2 - 2*m - 4. Calculate g(3).
8
Let j(y) = -4*y - 177. Give j(-46).
7
Let z(d) = -6*d + 6. Calculate z(5).
-24
Let q(k) = k**3 + 6*k**2 + 11*k - 4. What is q(-3)?
-10
Let t(x) = -x**2 - 20*x - 34. Give t(-8).
62
Let r(x) = 2*x**2 + x + 2. Determine r(-1).
3
Let r(v) = -v**3 - 5*v**2 - 3*v + 6. Give r(-4).
2
Let b(c) = -36*c**3 - c. Calculate b(1).
-37
Let w(v) = -3*v - 3. Calculate w(-2).
3
Let x(p) = p**3 - 3*p**2 - 8*p - 7. Give x(4).
-23
Let f(m) = -m**3 + 21*m**2 - 54*m + 7. Determine f(18).
7
Let l(d) = -d**3 - 4*d**2 + 2*d + 1. Calculate l(-3).
-14
Let k(j) = j**3 - 24*j**2 - 52*j + 4. Calculate k(26).
4
Let w(z) = -z**3 - 6*z**2 - 2*z + 1. Calculate w(-5).
-14
Let l(z) = z**3 - 15*z**2 + 3*z - 30. Calculate l(15).
15
Let d(c) = -c**3 + 8*c**2 - 3*c + 4. Calculate d(7).
32
Let o(h) = 2*h**2 - 31*h + 10. Determine o(16).
26
Let z(a) = -a**2 - 33. What is z(0)?
-33
Let z(h) = h**2 + 11*h + 41. Calculate z(-9).
23
Let j(d) = -2*d**3 + 25*d**2 + 12*d + 6. What is j(13)?
-7
Let u(l) = -2*l**3 - 10*l**2 + 4*l + 5. Give u(-5).
-15
Let s(p) = -p**3 - 3*p**2 - 2*p + 7. Determine s(-3).
13
Let d(i) = i + 6. Give d(-9).
-3
Let m(s) = -s**3 + 6*s**2 - 29*s + 65. What is m(3)?
5
Let u(v) = v + 7. Determine u(9).
16
Let w(n) = 2*n**3 - 11*n**2 - 6*n - 6. Calculate w(6).
-6
Let f(q) = q**3 + 6*q**2 - 16*q + 5. Give f(-8).
5
Let s(l) = l**3 + 27*l**2 + 34*l + 224. What is s(-26)?
16
Let m(h) = -5*h - 1. Calculate m(5).
-26
Let x(v) = 3*v + 13. Determine x(-2).
7
Let d(u) = u**3 - 5*u**2 - 2*u + 8. What is d(4)?
-16
Let o(b) = 4*b - 57. What is o(17)?
11
Let z(n) = n**3 - 2*n**2 - n + 4. Calculate z(3).
10
Let q(h) = 13*h + 1. What is q(2)?
27
Let d(b) = -b + 20. Give d(12).
8
Let z(u) = -u**3 + 9*u**2 - 13*u + 20. Determine z(8).
-20
Let c(j) = -20*j + 324. What is c(16)?
4
Let o(n) = 5*n. Calculate o(-5).
-25
Let k(t) = t**3 - 12*t**2 + 8*t + 44. What is k(11)?
11
Let u(t) = -11*t - 6. What is u(6)?
-72
Let n(j) = 21*j**2 + 124*j - 8. Calculate n(-6).
4
Let v(y) = y**2 + 9*y + 12. Give v(-4).
-8
Let t(y) = -y**2 + 8. Calculate t(-3).
-1
Let z(q) = -5*q**2 - 5*q + 15. Give z(-3).
-15
Let r(u) = -2*u**3 - 3*u**2 - 4*u +